{"id":59,"date":"2020-12-20T01:29:19","date_gmt":"2020-12-20T01:29:19","guid":{"rendered":"http:\/\/museum-inside-out.com\/?page_id=59"},"modified":"2021-01-23T17:09:38","modified_gmt":"2021-01-23T17:09:38","slug":"ashiq-kamandar","status":"publish","type":"page","link":"http:\/\/museum-inside-out.com\/index.php\/ashiq-kamandar\/","title":{"rendered":"Ashiq Kamandar"},"content":{"rendered":"\n<div class=\"wp-block-image\"><figure class=\"aligncenter size-large\"><img loading=\"lazy\" decoding=\"async\" width=\"608\" height=\"928\" src=\"http:\/\/museum-inside-out.com\/wp-content\/uploads\/2020\/12\/15642_640658775965803_66438906_n.jpg\" alt=\"\" class=\"wp-image-62\" srcset=\"http:\/\/museum-inside-out.com\/wp-content\/uploads\/2020\/12\/15642_640658775965803_66438906_n.jpg 608w, http:\/\/museum-inside-out.com\/wp-content\/uploads\/2020\/12\/15642_640658775965803_66438906_n-197x300.jpg 197w\" sizes=\"auto, (max-width: 608px) 100vw, 608px\" \/><\/figure><\/div>\n\n\n\n<p><\/p>\n\n\n\n<figure class=\"wp-block-embed is-type-video is-provider-youtube wp-block-embed-youtube wp-embed-aspect-4-3 wp-has-aspect-ratio\"><div class=\"wp-block-embed__wrapper\">\n<iframe loading=\"lazy\" title=\"A\u015f\u0131q Kamandar \u015eair Zelimxan&#039;\u0131n Evinde - Qara\u00e7\u0131\" width=\"620\" height=\"465\" src=\"https:\/\/www.youtube.com\/embed\/vS_a4Ees4oo?feature=oembed\" frameborder=\"0\" allow=\"accelerometer; autoplay; clipboard-write; encrypted-media; gyroscope; picture-in-picture; web-share\" referrerpolicy=\"strict-origin-when-cross-origin\" allowfullscreen><\/iframe>\n<\/div><\/figure>\n\n\n\n<p><\/p>\n\n\n\n<p class=\"has-text-align-center\"><strong>*****<\/strong><\/p>\n\n\n\n<p>1999 <\/p>\n\n\n\n<figure class=\"wp-block-embed is-type-video is-provider-youtube wp-block-embed-youtube wp-embed-aspect-4-3 wp-has-aspect-ratio\"><div class=\"wp-block-embed__wrapper\">\n<iframe loading=\"lazy\" title=\". .\" width=\"620\" height=\"465\" src=\"https:\/\/www.youtube.com\/embed\/m5HWZDH7wOI?feature=oembed\" frameborder=\"0\" allow=\"accelerometer; autoplay; clipboard-write; encrypted-media; gyroscope; picture-in-picture; web-share\" referrerpolicy=\"strict-origin-when-cross-origin\" allowfullscreen><\/iframe>\n<\/div><\/figure>\n\n\n\n<p><\/p>\n\n\n\n<p><\/p>\n\n\n\n<p class=\"has-text-align-center\"><strong>*****<\/strong><\/p>\n\n\n\n<p>Tehran Bahman Culture and Music Center 2000 History<br><br> Tehran B\u018fHM\u018fN M\u0259d\u0259niyy\u0259t v\u0259 musyqi m\u0259rk\u0259zi 2000 Tarixind\u0259<\/p>\n\n\n\n\n<p><iframe loading=\"lazy\" title=\"kamandar   \u0639\u0627\u0634\u06cc\u0642 \u0634\u0647\u0628\u0627\u0632\u06cc \u0648 \u0639\u0627\u0634\u06cc\u0642 \u06a9\u0645\u0627\u0646\u062f\u0627\u0631 \u0648 \u06af\u0648\u0646\u0626\u06cc \u0639\u0627\u0634\u06cc\u0642\u0644\u0627\u0631\u06cc\" width=\"620\" height=\"465\" src=\"https:\/\/www.youtube.com\/embed\/kdXvjmH_cgg?feature=oembed\" frameborder=\"0\" allow=\"accelerometer; autoplay; clipboard-write; encrypted-media; gyroscope; picture-in-picture; web-share\" referrerpolicy=\"strict-origin-when-cross-origin\" allowfullscreen><\/iframe><\/p>\n\n\n<p><a href=\"https:\/\/www.youtube.com\/channel\/UCuQzwQ7rz4sfm7_iUefIbsw\">ashiq shahbazi<\/a> <br>&#8220;Bu sazl-s\u00f6zl\u00fc m\u0259clisi ustad A\u015f\u0131q kamandar 40 g\u00fcn d\u00fcnyadan getmi\u015fdi t\u0259\u015fkil etdim. bu m\u0259clis\u0259 g\u00fcney Az\u0259rbaycan a\u015f\u0131qlar\u0131n\u0131n adl\u0131-sanl\u0131lar\u0131n\u0131n bir \u00e7oxunu d\u0259v\u0259t etdim v\u0259 olara s\u00f6z verdim v\u0259 olarda g\u00f6z\u0259l \u00e7\u0131x\u0131\u015f etdil\u0259r , olar\u0131n ham\u0131s\u0131ndan t\u0259\u015f\u0259kk\u00fcr edir\u0259m. burda ustad A\u015f\u0131q kamandar\u0131n \u00f6z s\u0259sini d\u0259 yayd\u0131m v\u0259 zalda t\u0259\u015frifi olanlar ustad\u0131n ruhuna dua oxudular v\u0259 el\u0259 bu t\u0259dbird\u0259 bir 7 ya\u015f\u0131nda o\u011flanada s\u00f6z verdim. o balaca o\u011flan m\u0259nim o\u011flumdu( H\u00fcseyn \u015e\u018fHBAZ\u0130) m\u0259n bir C\u0259lili havas\u0131 \u00e7ald\u0131m v\u0259 o\u011flumda oxudu. \u0259n az\u0131 bir d\u0259f\u0259 dinl\u0259m\u0259y\u0259 d\u0259y\u0259r . \u0259ld\u0259n qa\u00e7\u0131rmay\u0131n. Tehran B\u018fHM\u018fN M\u0259d\u0259niyy\u0259t v\u0259 musyqi m\u0259rk\u0259zi 2000 Tarixind\u0259.&#8221;<\/p>\n\n\n\n<p class=\"has-text-align-center\"><strong>*****<\/strong><\/p>\n","protected":false},"excerpt":{"rendered":"<p>***** 1999 ***** Tehran Bahman Culture and Music Center 2000 History Tehran B\u018fHM\u018fN M\u0259d\u0259niyy\u0259t v\u0259 musyqi m\u0259rk\u0259zi 2000 Tarixind\u0259 ashiq shahbazi &#8220;Bu sazl-s\u00f6zl\u00fc m\u0259clisi ustad A\u015f\u0131q kamandar 40 g\u00fcn d\u00fcnyadan getmi\u015fdi t\u0259\u015fkil etdim. bu m\u0259clis\u0259 g\u00fcney Az\u0259rbaycan a\u015f\u0131qlar\u0131n\u0131n adl\u0131-sanl\u0131lar\u0131n\u0131n bir \u00e7oxunu d\u0259v\u0259t etdim v\u0259 olara s\u00f6z verdim v\u0259 olarda g\u00f6z\u0259l \u00e7\u0131x\u0131\u015f etdil\u0259r , olar\u0131n ham\u0131s\u0131ndan [&hellip;]<\/p>\n","protected":false},"author":1,"featured_media":0,"parent":0,"menu_order":0,"comment_status":"closed","ping_status":"closed","template":"","meta":{"footnotes":""},"class_list":["post-59","page","type-page","status-publish","hentry"],"_links":{"self":[{"href":"http:\/\/museum-inside-out.com\/index.php\/wp-json\/wp\/v2\/pages\/59","targetHints":{"allow":["GET"]}}],"collection":[{"href":"http:\/\/museum-inside-out.com\/index.php\/wp-json\/wp\/v2\/pages"}],"about":[{"href":"http:\/\/museum-inside-out.com\/index.php\/wp-json\/wp\/v2\/types\/page"}],"author":[{"embeddable":true,"href":"http:\/\/museum-inside-out.com\/index.php\/wp-json\/wp\/v2\/users\/1"}],"replies":[{"embeddable":true,"href":"http:\/\/museum-inside-out.com\/index.php\/wp-json\/wp\/v2\/comments?post=59"}],"version-history":[{"count":7,"href":"http:\/\/museum-inside-out.com\/index.php\/wp-json\/wp\/v2\/pages\/59\/revisions"}],"predecessor-version":[{"id":409,"href":"http:\/\/museum-inside-out.com\/index.php\/wp-json\/wp\/v2\/pages\/59\/revisions\/409"}],"wp:attachment":[{"href":"http:\/\/museum-inside-out.com\/index.php\/wp-json\/wp\/v2\/media?parent=59"}],"curies":[{"name":"wp","href":"https:\/\/api.w.org\/{rel}","templated":true}]}}